(b) = -55*l(b) + 6*o(b). What is the remainder when y(7) is divided by d?
27
Let w(x) = 73*x**2 + 22*x - 72. What is the remainder when w(3) is divided by 31?
0
Let v = -95 - -158. Suppose -26 = 21*g - 23*g. Calculate the remainder when v is divided by g.
11
Let l = -20 + 56. Let r = 41 - l. Suppose 5*u = x + 4*x + 360, 0 = -4*u - r*x + 252. Calculate the remainder when u is divided by 35.
33
Suppose -25*y = -17*y. Suppose -208 = -k - 2*k - u, y = -4*u - 20. Calculate the remainder when k is divided by 27.
17
Let k(f) = 2*f**3 + 16*f**2 - 162*f - 5. Calculate the remainder when 1605 is divided by k(6).
24
What is the remainder when 106310/25*(-280)/(-112) is divided by 12?
11
Suppose -74*a + 155 + 373 = -212. What is the remainder when 4829 is divided by a?
9
Let b = -516 - -523. What is the remainder when 135 is divided by -1 + b + -9 - -49?
43
Let w = 12562 - 9730. Calculate the remainder when w is divided by 129.
123
Let o(x) = 70*x + 909. Calculate the remainder when o(-8) is divided by 6.
1
Let z = 6915 + -6432. Calculate the remainder when z is divided by 75.
33
Suppose 148*n = 136*n + 60. Suppose 5*f - 529 = n*z - 134, 3*f - 233 = -z. Calculate the remainder when f is divided by 5.
3
Suppose 0 = -10*h + 1506 - 1376. What is the remainder when 425 is divided by h?
9
Let j(k) = 181*k**2 - 194*k - 392. What is the remainder when j(-2) is divided by 173?
28
Suppose -3*m = -4*p - 18, -3*m - 11*p + 6*p - 9 = 0. Calculate the remainder when 131 is divided by m.
1
Suppose -54*z = -51*z - 144. What is the remainder when 479 is divided by z?
47
Let c(h) = 62*h**2 - 396*h + 2702. What is the remainder when c(7) is divided by 54?
52
Calculate the remainder when 61 is divided by ((-2)/(-21) + (-46)/42)*-5.
1
Calculate the remainder when -124*(-35 + -9 + 31) is divided by 16.
12
Let w = 811 - 788. Suppose -5*b + w = 3*u - 26, -5*b = 2*u - 26. What is the remainder when 68 is divided by u?
22
Suppose -5*o = 5*n - 24 - 81, -66 = -4*n + 2*o. Let t = n - 8. What is the remainder when 46 is divided by t?
6
Suppose -86*x - 113*x = 44*x - 13122. Calculate the remainder when 89 is divided by x.
35
Suppose x - 2*c = -3*x + 468, 4*x + 4*c = 444. Let j = 212 + -195. What is the remainder when x is divided by j?
13
Let w be (3/5)/((-2)/(-10)). Suppose -j = -w*z, 6*j = j + 4*z. Suppose j = -0*k - 3*k + 237. What is the remainder when k is divided by 20?
19
Calculate the remainder when 1953 is divided by ((-2430)/(-450))/((-1)/(-60)).
9
Let m = 206 + -204. Suppose 0 = -m*c + 23 + 23. Calculate the remainder when 65 is divided by c.
19
Let n be (1 - 10)/((-3)/45). Suppose -2*w = -n - 57. What is the remainder when w is divided by 28?
12
Suppose 1661 + 1164 = 34*m - 1663. What is the remainder when 252 is divided by m?
120
Let s be 2727/2 - 1 - 11/22. Let p = s - 484. Calculate the remainder when p is divided by 110.
108
Let g(h) = 5*h - 26. Let f be g(6). Suppose -61*m = -59*m - f. Suppose -4*l + k = -180, 2*k + 214 = 5*l - m*k. What is the remainder when l is divided by 24?
22
Suppose -6*n + j = -3*n - 238, 2*n + 5*j - 136 = 0. Let f = 3453 + -3207. Calculate the remainder when f is divided by n.
12
Let w(h) = 3*h**2 - 8*h + 18. Let q(t) = t**2 + 5*t - 5. Let x be q(-6). Calculate the remainder when w(7) is divided by (x + 2)/((-12)/(-40)).
9
Let k(q) = -26*q**3 - q - 1. Suppose -3*w = 27 + 27. Let v = 147 + w. What is the remainder when v is divided by k(-1)?
25
Suppose 43*y - 27*y = 24*y - 80. Calculate the remainder when 446 is divided by y.
6
Let x = -153 - -232. Suppose -3*p = -112 + x. What is the remainder when 33 is divided by p?
0
Suppose 6*h - 7*h = -4, -4*s - 5*h = -224. Let n(w) = -2*w**2 + 36*w + 31. Calculate the remainder when n(16) is divided by s.
44
Suppose 2*z = -4*f + 260, -f = 4*z - 75 - 4. Suppose -217*b + 282*b = 1430. What is the remainder when f is divided by b?
19
Suppose -844 = 4*n - 2*i + 52, -3*i + 1121 = -5*n. Let t = n + 320. What is the remainder when t is divided by 50?
47
Let w(h) = 11*h**2 - 3*h - 8. Suppose -10*t + 6*t + 5*y + 48 = 0, 2*y - 8 = 0. Calculate the remainder when w(4) is divided by t.
3
Suppose 1 = 3*p + 7, -14 = -2*r + 5*p. Suppose 0 = -r*z + 4*z - 114. Suppose -5*b = 3*y - z, 10 = b - 2*y + 4*y. What is the remainder when 22 is divided by b?
10
Suppose 47*v - 36*v = 2695. What is the remainder when v is divided by 10?
5
Suppose -66 = 3*w - 155 + 62. Calculate the remainder when 138 is divided by w.
3
Suppose -249*h + 54838 = -94811. What is the remainder when h is divided by 61?
52
Suppose -2*y = -3*s + 7765, 0 = -s + 6*y - 5*y + 2588. What is the remainder when s is divided by 96?
93
Let k be 874/(-7) - (-6)/(-42). Let o = k - -174. Calculate the remainder when 146 is divided by o.
48
Calculate the remainder when 2316 is divided by ((-2)/13 + 152216/4134)/(2/42).
6
Suppose -5*z + 46 = 4*w - 11, -z - 3 = -w. Suppose 0 = 5*c + 30 - 50, m + c = 899. What is the remainder when m is divided by w?
7
Let v(b) = b**2 - b - 10. Let d = -87 - -81. What is the remainder when 83 is divided by v(d)?
19
Let q(h) = -h**2 - 19*h + 1037. Calculate the remainder when 673 is divided by q(24).
3
Let g = -290 - -498. Suppose g - 40 = 4*h. What is the remainder when (-61)/(-6) - 7/h is divided by 5?
0
Let r = -14 + 16. Suppose r*f + 4 = 3*f. Suppose -f*b + 10 = 5*u - 56, -2*u = -4*b - 32. What is the remainder when 69 is divided by u?
13
Let w(m) = 16*m**3 + 7*m**2 - 9*m + 3. Let q(d) = -2*d**2 - 26*d + 5. What is the remainder when w(2) is divided by q(-12)?
25
Suppose -3*g = -23*g - 7*g. Let w be (2/(-3))/((-2)/78). Suppose g*k - w = -i - k, 5*k = 5*i - 180. Calculate the remainder when 90 is divided by i.
28
Let m(u) = 9*u - 43. What is the remainder when 1892 is divided by m(8)?
7
Suppose -8 = 2*o - 4*o - 3*h + 74, -3*h = 0. What is the remainder when 6927 is divided by o?
39
Let k = -25534 - -46615. Suppose -40*w - 1881 = -k. Calculate the remainder when w is divided by 23.
20
Let y(i) = -9*i + 429. What is the remainder when 359 is divided by y(44)?
29
Let c(j) = 2*j**2 - 65*j + 258. What is the remainder when c(28) is divided by 4?
2
Let d = 242 - 170. Let t(a) = -15*a - 56. Let f be t(-4). Suppose -f*y + 376 = -d. What is the remainder when y is divided by 39?
34
Suppose -x + 4588 + 3187 = -4*y, 2*x - 5*y - 15568 = 0. What is the remainder when x is divided by 27?
23
Suppose 8*i - 1074 = 2654. Suppose s - 294 = -a, 3*a - 414 = -s + i. What is the remainder when a is divided by 27?
23
Let a = 229 + -180. Suppose 3459 + 11290 = a*f. What is the remainder when f is divided by 38?
35
Suppose -6209 = -21*f + 4879. Calculate the remainder when f is divided by 280.
248
Suppose 0 = 3*j - 48 - 57. Suppose j = 3*b + 4*b. Calculate the remainder when 14/35 + 358/b is divided by 25.
22
Suppose 5*t = -25, -32*w + 33*w - 197 = 2*t. What is the remainder when w is divided by 63?
61
What is the remainder when -606*((-39)/(-6) - 3)/(-7) is divided by 142?
19
What is the remainder when 174 is divided by ((6 + -2)/1)/((-1)/(-15))?
54
Suppose -5*l - 9 + 44 = -5*u, 4*l - 5*u - 25 = 0. What is the remainder when 86 is divided by l?
6
Let z = 95 + -53. Suppose 51*g - 5669 = 94. Calculate the remainder when g is divided by z.
29
Suppose d + 5*h + 12 = 0, -2*d + 4*h - 2 + 20 = 0. Let y be ((-8211)/(-17))/(-1 - 0). Let l = 502 + y. What is the remainder when l is divided by d?
1
Let x be -1 + -4 - (-5 - -9 - 0). Calculate the remainder when (-1182)/x - (3 + (-42)/9) is divided by 46.
41
Suppose 166 + 159 = 7*c - 536. Calculate the remainder when 2581 is divided by c.
121
Suppose 0 = 21*o + 1811 - 2315. What is the remainder when o is divided by 20?
4
Let b(f) = -37*f - 936. Calculate the remainder when b(-28) is divided by 100.
0
Let d = 14 + 36. Suppose 3 + 0 = -m, -4*w + 3*m = -21. What is the remainder when d is divided by w?
2
Let t be ((-11)/33)/((-528)/(-531) - 1). Suppose -t*x = -55*x - 144. Suppose 9*n - x = -0*n. Calculate the remainder when 4 is divided by n.
0
Suppose 69187*w = 69199*w - 3408. What is the remainder when 576 is divided by w?
8
Suppose -7*z + 733 = 9238. Let m = 1267 + z. Calculate the remainder when m is divided by 4/(1 + (-5)/7).
10
Suppose -o = 5*n - 342, -93 - 35 = -2*n + 4*o. Calculate the remainder when 1649 is divi